/(-39). Let t(d) = 3*d**3 - 2*d**2 + 3*d - 9. List the prime factors of t(h).
13
Let s(n) be the second derivative of -n**5/20 + n**4/3 - 2*n**3/3 - 34*n. Let m be s(3). What are the prime factors of m - 2 - (-4 - 147)?
2, 73
Let i(s) = -76*s**2 + 2*s - 9. Let k be i(-3). Let q = k + 2666. What are the prime factors of q?
7, 281
Let o = 33980 - 14660. What are the prime factors of o?
2, 3, 5, 7, 23
Let i(v) = -v - 21. Let g be i(-13). Let n be 20/8*g/(-10). Suppose 5*j - n*c = 2*c + 451, -3*j + 4*c + 277 = 0. What are the prime factors of j?
3, 29
Suppose 0 = -33*g - 17 + 215. Suppose 0 = -2*v - g*s + 5*s + 201, -25 = -5*s. List the prime factors of v.
2, 7
What are the prime factors of 28*34554/1144 + 3/11?
2, 3, 47
What are the prime factors of 1/((8/(-167784))/((-4)/12))?
6991
Suppose -1 = t + 3, -211944 = -5*b - 4*t. What are the prime factors of b?
2, 7, 757
Let b(j) = -303*j**2 - 8*j - 12. Let a(u) = -152*u**2 - 4*u - 6. Let m(n) = -13*a(n) + 6*b(n). What are the prime factors of m(-1)?
2, 5
Suppose 2*h = -13*p + 65334, -37*h + 3*p + 97866 = -34*h. What are the prime factors of h?
2, 3, 2719
Let a = -30584 + 43496. What are the prime factors of a?
2, 3, 269
Let l(b) = 14*b**2 + 13 - 15*b + 2*b**2 - 19053*b**3 + 19052*b**3. Suppose p = 4*v - p - 62, 4*v + 2*p = 58. What are the prime factors of l(v)?
13
Let o be 3177 + (6/9)/(8/48). Suppose -5*s = -o + 626. List the prime factors of s.
7, 73
Let m be 1205/(-2) - ((-90)/20 - -6). Let o = m - -619. List the prime factors of o.
3, 5
Let f(a) = 20 + 13*a + 11*a**2 - 1 - 12*a**2. Let q be 2/(-2 + -2)*-26. What are the prime factors of f(q)?
19
What are the prime factors of (184/(-14))/(36/(-54558))?
2, 23, 433
Let c(h) = 2*h**2 + 17*h - 5. Let a be c(-9). Suppose -207 = 13*l - a*l. Let u = 13 - l. List the prime factors of u.
2, 3
Suppose 0 = -21*n - 11 + 284. Let m = n - -873. What are the prime factors of m?
2, 443
Let u(b) = 259*b + 203. What are the prime factors of u(36)?
7, 1361
Suppose -2*h = -300 - 114. Let s = h + -101. What are the prime factors of s?
2, 53
Suppose 5*x - 7*x + 94 = 0. Suppose -141 = -2*m + x. List the prime factors of (-2)/3*(1 - m).
2, 31
Suppose 0 = 9*r - 91997 - 2179. List the prime factors of r.
2, 3, 109
Let o = -9233 + 15755. List the prime factors of (o/6 - 8)*1.
13, 83
Let b = -7779 + 11783. List the prime factors of b.
2, 7, 11, 13
Suppose 3*t = -0*t - 2*o + 455, 300 = 2*t - 2*o. Let x = t - 67. Suppose -3*j - 5 = -s + x, -247 = -3*s + 5*j. List the prime factors of s.
2, 37
Suppose 5*g = 1056 + 3064. Suppose -v + g = 4*r, v + 3*r - 4*r = 804. List the prime factors of v.
2, 101
Let n(d) = -5*d**3 + 40*d**2 - 25*d - 23. Let x(s) = 9*s**3 - 79*s**2 + 49*s + 46. Let i(k) = 11*n(k) + 6*x(k). List the prime factors of i(-35).
11, 53
Let f = 103940 - 64134. What are the prime factors of f?
2, 13, 1531
Let i(p) = -287*p. Let z be i(-1). Suppose 2*u - 897 + z = 0. What are the prime factors of u?
5, 61
Suppose -8*c - 388 = -4*o - 4*c, 4*o - 402 = -3*c. Let d = 87 - -15. Suppose 150 = -o*r + d*r. List the prime factors of r.
2, 5
Let f(k) = 20*k**2 - 5*k + 16. Let a = 63 + -58. List the prime factors of f(a).
491
Let t(g) = -g + 198. Suppose 3*r = 7*r + 2*r. What are the prime factors of t(r)?
2, 3, 11
Let f(j) = 261*j - 1411. What are the prime factors of f(54)?
11, 1153
Let l(a) = -a**3 + a**2 - 2*a + 43. Let f(r) = 7*r - 3*r - 17 + r**2 + 5 - 3*r. Let x be f(-4). List the prime factors of l(x).
43
Let c = 13612 - 6672. What are the prime factors of c?
2, 5, 347
Let w(r) = r**3 - r**2 + 6*r - 5. Let j be w(3). Suppose 4*b + 65 - 17 = 0. Let z = b + j. What are the prime factors of z?
19
Let c = -299 - -2349. Let q = -1306 + c. List the prime factors of q.
2, 3, 31
Let v(i) = i + 11. Let y be v(-11). Suppose y = d + 5*n - 774, -n = d + 3*n - 776. List the prime factors of d.
2, 7
Let m(q) be the second derivative of q**5/10 - 2*q**4/3 + 5*q**3/6 + 3*q**2 + 19*q. Let c = -23 - -28. What are the prime factors of m(c)?
3
What are the prime factors of (2 - 3)/((7 - 80/12)/(-645))?
3, 5, 43
List the prime factors of ((-191160)/27)/(-1 + 4/(-8)).
2, 5, 59
Let o be (-51)/(-85) - 44/(-10). Suppose -4*h - 20 = 3*b + 31, 0 = 3*h - o*b + 2. What are the prime factors of h/(-2)*32/6?
2, 3
Let p be (-14)/(-84) + -34*1/(-12). Suppose p*r - 15 = -3*v, 18*r = v + 15*r - 9. What are the prime factors of v?
2, 3
Suppose 215*x - 246984 = 210*x + 3*m, 0 = -4*x - 2*m + 197552. List the prime factors of x.
2, 3, 7
Suppose -h = 3*p - 91, 4*h - 3*p + 5*p = 374. Let s = 405 - h. What are the prime factors of s?
311
Suppose -30*d + 267 = -363. Let z(c) = c**3 - 20*c**2 - 17*c - 16. What are the prime factors of z(d)?
2, 17
Let m be -46 + -1 - 0/(-1). Let n = 44 + m. Let l(x) = 3*x**2 - 7*x - 9. List the prime factors of l(n).
3, 13
Let v(u) = 2*u**2 - 9*u. Suppose 14*m - 123 = 185. List the prime factors of v(m).
2, 5, 7, 11
Let z be (6/2 + 42/(-9))*-213. Let n = z - 178. What are the prime factors of n?
3, 59
Let a(r) = -2*r**2 - 39*r - 985. Let x be a(0). Let w = x + 1830. List the prime factors of w.
5, 13
Suppose 3*w = 4*y + 8167 + 11760, -4*y + 13238 = 2*w. What are the prime factors of w?
3, 11, 67
Let a(k) = k**3 - 11*k**2 - 26*k + 26. Let z be a(13). Suppose 0 = -z*r - 5392 + 32458. What are the prime factors of r?
3, 347
Suppose 0 = -5*i + 10802 + 623. What are the prime factors of i?
5, 457
Let b = 141 - 137. List the prime factors of 2*97*(26/b - 5).
3, 97
Let w(g) = -5*g**2 + 14*g + 9. Let x(n) = -11*n**2 + 29*n + 19. Let b(a) = -5*w(a) + 2*x(a). Let o be 3*-1 + 2 - -6. What are the prime factors of b(o)?
2
Suppose 492450 = 86*o + 19*o. What are the prime factors of o?
2, 5, 7, 67
Let y(q) = 19 - 36*q - 38*q + 19. List the prime factors of y(-6).
2, 241
Let n(s) = -s**2 + 5*s + 30. Let z be n(9). What are the prime factors of (-18)/(-5) - -15*z/150?
3
Suppose 3*w - 5*b - 2 = -10, 3*b = 4*w - 4. Suppose 2*t = 6 + w. Suppose -2*q - t*u = -0*q - 284, -u = 2*q - 292. List the prime factors of q.
3, 7
Let v(t) = 48*t**2 - 1. Let k be 7/(4/(7 + -3)). Suppose l = 5*f + 9, k + 2 = -f + 2*l. List the prime factors of v(f).
47
Let o(r) = -r**3 + 5*r**2 - 6*r + 6. Let y be o(3). Let q be (116/(-12))/((-1)/y). Suppose -h = 2*b - q, 0*h + 2*h = b + 131. List the prime factors of h.
2
Let b be 188/36 + 24/(-108). What are the prime factors of (-3577)/21*(-3 + 0/b)?
7, 73
Suppose 9*w + 759 = u + 6*w, -3*u - 3*w = -2289. Suppose 5*m + 3790 = 18*k - 13*k, -k + 5*m = -u. List the prime factors of k.
757
Let t be (5/(-4))/((-3)/24). Suppose t*h + 12 = -108. List the prime factors of (-358)/(-12) - h/72.
2, 3, 5
Suppose 18 = 4*d - 2*r, 2 = -2*r - 8. Suppose d*n + 5*f = 2*f + 1261, 0 = 3*f - 15. List the prime factors of n.
7, 89
Let x = 352 + -353. What are the prime factors of x*(0/2 - 1)*41?
41
Suppose -3*q = 2*r - 803, -7*r - 25 = -2*r. Let a be q/(-2) - 24/16. Let o = a - -220. What are the prime factors of o?
83
Let x(m) = -m**2 + 6*m - 4. Let u be x(3). Suppose -u*k = s - 6*s - 230, -3*k + 5*s = -136. Let g = k + -6. List the prime factors of g.
41
Suppose p = -p - 2. Let o be 4 + p + -3 + 3. Suppose -o*v + 3 + 9 = 0. List the prime factors of v.
2
Suppose 2*f = -2*n + 160, -f + 2*n - 245 = -4*f. Let m = 81 - f. Let y = m - -130. List the prime factors of y.
2, 3, 7
Suppose 0 = t - 6*t + 4*q + 50326, -4*t = 4*q - 40268. List the prime factors of t.
2, 7, 719
List the prime factors of (-18 + -217)/(4/(-8)).
2, 5, 47
Suppose 111*j - 41*j = 1316640 + 1448430. List the prime factors of j.
3, 7, 11, 19
Suppose -9*w + 370109 = 12*w + 96353. List the prime factors of w.
2, 3259
Let d = -33 + 49. Let s = -11 + d. Suppose -2*q + s*j = -19, -4*q - q - 5*j = -65. List the prime factors of q.
2, 3
Suppose 85932 = d + 8*d. Suppose 16*p - d - 3172 = 0. List the prime factors of p.
3, 5, 53
Suppose -4*c + 20 = 2*x + 2*x, 2 = -2*x + 2*c. Suppose 0 = 7*q - 3*q + x*d - 4642, 2*q - 2311 = d. List the prime factors of q.
2, 3, 193
Suppose -4*u + 1003 = w + 303, -3*u + 2*w + 514 = 0. Let z = u + -168. List the prime factors of z.
2, 3
Let j be (-156)/(-65) + (-6)/(-10). Suppose 25 = j*w - 11. List the prime factors of ((-3)/2)/((-2)/w).
3
Let x = 63379 - 44052. What are the prime factors of x?
7, 11, 251
Let